u be 15/8 + -2 + 1155/(-616). Let m(d) = d**3 - 2*d**2 - d - 1. Calculate m(u).
-15
Let f = -18 - -15. Suppose -58*z - 27 = -61*z. Let h(c) = -z + 5*c + 9 - 1. Give h(f).
-16
Let n(b) be the second derivative of -11*b**3/3 + 2*b**2 + 8466*b. Give n(0).
4
Let c(f) = f**3 - 43*f**2 + 126*f - 247. Let r be c(40). Let i(a) = -a**2 + 7*a + 31. Give i(r).
-67
Let u(v) = 0 - v**2 + 4*v + 0 + 3. Let i be -24*(-16)/128 + -6. Determine u(i).
-18
Let i(t) be the third derivative of 8*t**5/15 - t**4/24 - t**3/6 + 1097*t**2. Determine i(-1).
32
Suppose 0 = 8*o + 36 - 108. Suppose 2*s - 3*a = 9, -s + 3*a = -2*s + o. Suppose 3*t - 27 = -s*t. Let f(j) = j**3 - 2*j**2 - j + 1. Give f(t).
7
Suppose -3 + 108 = 21*a. Let w(f) = f**2 + 7*f - 7. Let l(d) = 2*d**2 + 14*d - 13. Let g(h) = a*w(h) - 3*l(h). Determine g(-6).
10
Let g(v) = 71*v**2 + 219*v - 84. Let m(w) = 23*w**2 + 69*w - 27. Let x(q) = 6*g(q) - 19*m(q). Calculate x(-3).
-99
Let p(l) = 6*l - 67438*l**2 - 4 - 4 + 67439*l**2. What is p(0)?
-8
Let t(b) = b. Suppose 79*d + 64 = 83*d. Suppose 0 = -22*k + 18*k - d. Let n(p) = -p. Let x(a) = k*n(a) - 3*t(a). Calculate x(4).
4
Let r = 3 + -4. Let p be 0 - (r + 1 + -1). Let g(u) be the third derivative of -u**6/30 - u**5/60 - u**4/24 + u**3/6 - 198*u**2 - 70*u. Determine g(p).
-5
Let v = 0 - -10. Let k = v + -5. Let o(f) be the first derivative of -f**2/2 - 4*f - 18989. Calculate o(k).
-9
Let i(q) = -31*q - 309*q**2 + 308*q**2 - q + 6*q - 77. Determine i(-23).
-8
Let x(f) = f + 3. Let i(t) = t**3 - 10*t**2 - 2*t - 272. Let m be i(12). Calculate x(m).
-5
Let o(j) = j**2 - j + 2. Let a be 6/3 - 3 - 16/(-8). Let r(b) = -b**3 - b**2 + b - 6. Let q(p) = a*r(p) + 6*o(p). Give q(4).
2
Suppose -207 = 10*w - 197. Let p be ((-1)/(-1))/((3 - w)/8). Let y(m) = 2*m - 3*m - 4*m + 3. What is y(p)?
-7
Let c(i) = 2*i**2 + 6970*i - 19. Let w(f) = f**2 + 2985*f - 9. Let h(d) = 3*c(d) - 7*w(d). Let r(u) = 3*u - 3. Let l be r(6). Determine h(l).
6
Let z(l) = -l**3 - 11*l**2 - 16*l + 14. Suppose 2*h = 5*m - 7 + 54, -2*m - 13 = 5*h. Calculate z(m).
-4
Let h(o) = 7*o - 11. Let k(d) = -2*d + 4. Let j(s) = h(s) + 3*k(s). Let p(m) = -m - 13. Let t be p(-13). Give j(t).
1
Let z(r) = -r - 16. Let i be z(-14). Let n be (1/i)/(9/18) + -75. Let s = 66 + n. Let o(a) = a**2 + 9*a - 5. Determine o(s).
5
Let v(q) = -28*q**2 + q + 4. Let z(h) = -3*h**2 + 2. Let t(o) = -v(o) + 2*z(o). Calculate t(1).
21
Let b(v) = -2*v - 7. Let k(m) = -4*m - 12. Let g(y) = -y + 3. Let s be g(6). Let z(f) = s*k(f) + 5*b(f). Give z(3).
7
Let n(r) = 2*r - 1. Let w be 2/(10/287) - 6/(-10). Let o = 75 - w. Suppose 4*j + 2 = -2*s, s + 2*s - 4*j = o. Give n(s).
5
Let b(i) be the first derivative of 221 - 24*i + 3/2*i**2. Calculate b(11).
9
Let o(d) = 47*d**2 - 28*d + 96. Let c(j) = 75*j**2 - 42*j + 144. Let s(w) = -5*c(w) + 8*o(w). Determine s(9).
3
Let x(d) = 5*d**2 - 13*d. Let k(v) = 18*v**2 - 55*v - 1. Let u(f) = 3*k(f) - 11*x(f). Determine u(-21).
18
Let u(a) = a**2 + 3*a + 2. Let i = 46 - 46. Let t be u(i). Let j(f) = -t*f**2 + 3 + 11*f - 9*f - 4*f - 2. Calculate j(-2).
-3
Let f(z) be the third derivative of z**6/120 - z**5/20 - z**4/12 - 2*z**3/3 + 1413*z**2. What is f(4)?
4
Suppose 0 = -n + 5*b + 10, 6*b - 5 = -2*n + b. Let m(p) be the first derivative of p**3/3 - 3*p**2 - 7*p + 5258. What is m(n)?
-12
Let q(w) = w**3 - 2*w**2 + 6*w**3 - 4*w**3 - 5*w + 0*w**3 + 1. Let j(i) = i**2 - 6*i**3 + 4*i + 0*i**3 + 4*i**3. Let c(n) = 4*j(n) + 3*q(n). Calculate c(3).
15
Let g(p) be the first derivative of p**4/24 + p**3 - p**2 + 61. Let n(m) be the second derivative of g(m). Give n(0).
6
Suppose -p + 3*p = 5*t - 57679, t - 2*p - 11531 = 0. Let i(f) = -t*f + 14 + 2*f**2 + 11547*f - f**2. What is i(-6)?
-10
Let g = -2556 + 2551. Let k(i) = -i**2 - 2*i + 23. Give k(g).
8
Let o be 2*(-4 + 4 + 2). Suppose -13 + 5 = -o*f. Let k(d) = 4 - f + 3 + 3*d - 3. What is k(-2)?
-4
Suppose -28 = -3*h - 7. Suppose 5*w - 10 = 0, -h*d = -8*d - 5*w + 14. Suppose -3*u - 28 = 2*t, 0*t = 2*t - d*u. Let o(a) = a + 4. Calculate o(t).
-4
Let s(l) be the first derivative of l**7/840 - 7*l**6/360 - 3*l**4/8 - 203*l**3/3 + 119. Let z(t) be the third derivative of s(t). Give z(7).
-9
Suppose 2*p - 3*v + 252 + 9 = 0, -4*v = 12. Let i = p - -142. Let w(n) = -3*n + 10. Determine w(i).
-11
Let z(b) = -b**3 + b**2 + b + 5. Let l(w) = 5*w**3 - 4*w**2 - 3*w - 21. Let p(m) = 2*l(m) + 9*z(m). Let v = -89 + 108. Suppose -21*r - v = 23. Calculate p(r).
-7
Let j = 389 - 387. Let l(f) = 173*f**2 + 1 - 88*f**j + 4*f - 86*f**2. Suppose -5*o = -5*v + 3 + 7, 0 = 3*v - 2*o - 8. Determine l(v).
1
Let a(m) be the first derivative of -7/2*m**2 - 2*m + 62 + 2*m**3 + 1/4*m**4. Give a(-7).
-2
Let y(t) = 4*t**2 - 19*t + 31. Let p be y(2). Let m(z) = 4*z**2 + 3 - p - 3*z + 12*z + 4 - 3*z**2. Give m(-8).
-10
Let o(s) be the third derivative of -s**4/24 - 5*s**3/2 + 1337*s**2. Determine o(8).
-23
Let o(x) = -25*x - 10*x + 149 - 5*x + 15*x. Give o(6).
-1
Let z be -8 + (-1113)/(-140) - 504/(-480). Let u(t) = 137*t**2 + 2*t - 2. Determine u(z).
137
Let j(w) = -w**2 + 9*w - 1. Let k = -281 + 306. Let p = 31 - k. Give j(p).
17
Let x(z) be the first derivative of -z**4/4 - 5*z**3/3 + 13*z**2/2 + 2*z + 1296. What is x(-7)?
9
Let h(u) = -u**2 + 28*u - 22. Suppose 3*w - 3*n = 90, 4*w + 32 - 131 = -3*n. Let c be h(w). Let l(r) = r**3 - 4*r**2 - 5*r + 9. Determine l(c).
9
Let x(j) = 7. Let q(n) = -50*n + 109. Let y(r) = -q(r) - 5*x(r). Determine y(3).
6
Let o(m) be the first derivative of -m**4/4 + 2*m**3/3 + 17*m**2/2 + 4*m + 2886. What is o(-5)?
94
Let s(h) = -h**3. Let o(b) = 6*b**3 + 6*b**2 - 5*b - 8. Suppose -10*l - 23*l - 165 = 0. Let f(w) = l*s(w) - o(w). What is f(-6)?
-22
Let f(v) = -v**3 - 3*v**2 - v - 2. Let h be f(-3). Let g(u) = 21*u - 54. Let m be g(5). Let q(w) = 23*w + 23*w + 13*w - m*w. Calculate q(h).
8
Let c(i) = -i - 16. Let m be c(-18). Let p be m + (-3 - (1 - (2 - 0))). Suppose -2*u = -2*t + 3*t - 6, p = 3*t. Let b(x) = 2*x**3 - 3*x**2 - 2*x. What is b(u)?
21
Let t be (15 - -1) + 15/((-30)/4). Let n(y) = 2*y**2 - 17*y - 23. Give n(t).
131
Let t(x) = -x**2 - 11*x - 25. Let l = 7421 + -7425. What is t(l)?
3
Let a(n) = n**3 - 2*n. Suppose -7*y = 18*y - 3975. Suppose 0 = -5*h + 149 - y. Give a(h).
-4
Let u(c) = -c**3 - 8*c**2 - 7*c + 13. Let t be u(-8). Let h = t + -77. Let f(n) = 0*n + 3 + 4*n + 8 - 3*n. Give f(h).
3
Let g(w) = 11*w - 131. Let a be g(12). Let r be a/(-3) - 1014/117. Let x(s) = -s - 9. Give x(r).
0
Let w(j) = -30114*j - 7 + 30115*j - 5. Calculate w(-10).
-22
Let c(p) = 3*p**2 - 15*p - 12. Let r = 12809 + -12802. Determine c(r).
30
Let c = -2/13231 + 92629/79386. Let l(m) be the second derivative of m**2 - 1/12*m**4 + c*m**3 + 0 - 37*m. What is l(7)?
2
Let t = 18 + -9. Let l(p) be the second derivative of 0 + 2/3*p**4 + 5/2*p**2 + 3/2*p**3 - 1/20*p**5 + 75*p. What is l(t)?
5
Let c(b) be the second derivative of b**4/12 + 7*b**3/2 + 48*b**2 - 33*b - 37. Calculate c(-15).
6
Let f(r) be the second derivative of r**4/12 + r**3/6 + r**2/2 - 1062*r. Determine f(1).
3
Let u(b) be the second derivative of -b**4/12 - 7*b**3/6 + 3*b**2 + 4881*b. Calculate u(0).
6
Let x(w) be the third derivative of -w**6/360 + 13*w**5/120 + 5*w**4/24 + 25*w**3/3 - 3*w**2 - 8*w. Let a(y) be the first derivative of x(y). Determine a(13).
5
Let c(x) = 8*x**2 + 3*x**2 - 30*x**2 - 2*x + 9*x**2 + 6*x**2 - 4. Give c(-3).
-34
Suppose -15*k = -12*k - 126. Let z = k - 42. Let s(x) be the second derivative of x**5/20 - x**4/12 - 2*x**2 + 42*x. Calculate s(z).
-4
Let r(z) be the second derivative of z**5/20 - 17*z**4/12 + 13*z**3/6 + 7*z**2/2 - 1282*z. Calculate r(16).
-41
Let r = -495 + 493. Let j(b) = 2*b + 13*b + 3 - 9*b. Give j(r).
-9
Let h(d) = 31*d + 2. Let b(z) = 8*z + 1. Let k(m) = 3*b(m) - h(m). Calculate k(-3).
22
Let a = -3188 - -76517/24. Let d(u) be the third derivative of -a*u**4 + 0*u - 14*u**2 + 0 + 0*u**3. Determine d(1).
-5
Let g(c) = -c**3 - 2 + 8*c**3 - 446*c**2 + 3 - 6*c**3 + c + 451*c**2. Let n be -9 + (-3 - (-2 - 2)). Let v = -13 - n. What is g(v)?
-4
Suppose -w - 6 = 20*y - 16*y, 9 = -5*w + y. Let i(k) = k + 5. Let t be i(-3). Let g(z) = 1 - z**2 + 0*z + 2*z**t - 2 + z. Determine g(w).
1
Let u = 220 - 452. Let n = u - -239. Let d(m) = -m**2 + 7*m - 5. Give d(n).
-5
Let c b